 is the greatest common divisor of a and x?
9
Suppose -2*u - 95 = -99. Let k be (58 - (7 - 1))/(u + 0). Calculate the greatest common divisor of 117 and k.
13
Suppose 2*s = 3*s, 25 = 5*g - s. Let q(b) = b - 1. Let k be q(3). Suppose 2*f = g*i + 61, 0 = k*f + i - 18 - 61. What is the greatest common factor of 38 and f?
38
Suppose d = -3, 4*g + 67 = 3*d + 264. Let a = 63 - g. Suppose a*x - 404 = -20. Calculate the highest common divisor of x and 12.
12
Let k = -6245 - -6500. What is the highest common divisor of 1230 and k?
15
Let z = 2677 + -2611. What is the greatest common divisor of z and 5874?
66
Let x(f) = 11*f**2 - 251*f + 1248. Let o be x(5). What is the highest common divisor of 36 and o?
4
Suppose 11*c - 467 = 457. Suppose 4*r - 2*j - 56 = 0, 147*r - 145*r = 4*j + 40. What is the greatest common divisor of r and c?
12
Suppose 1200 = 32*i + 88*i. Calculate the highest common divisor of i and 6070.
10
Suppose 0 = 5*v + 25 - 90. Let w = 21 - 10. Let p(j) = j**2 - 8*j + 19. Let b be p(w). Calculate the greatest common divisor of b and v.
13
Let u(w) = -w - 31. Let p be u(-6). Let v be (-188)/(-10) + ((-130)/p - 5). What is the greatest common divisor of v and 247?
19
Let u(d) = -d**3 + 55*d**2 + 75*d - 594. Let a be u(56). Calculate the highest common divisor of a and 2162.
94
Suppose -2829*j = -2848*j + 988. What is the greatest common divisor of 143 and j?
13
Suppose 0 = a - 8*a - 7*a + 10696. What is the greatest common divisor of 4775 and a?
191
Let s be (3 - 0)/((-3)/(-8)). Let g be ((-3)/(-3))/(s/160). Suppose -2*a - 2*w = 29 - 135, 4*a - 5*w = 185. Calculate the greatest common factor of g and a.
10
Suppose -96 = -f - 0*f + 5*g, -3*f + 3*g = -288. Let h = 1343 - 1215. What is the greatest common factor of h and f?
32
Let t be ((-58)/(-2))/((-116)/(-232)). What is the highest common factor of 986 and t?
58
Suppose 141*h + 54*h = 451815. Calculate the greatest common factor of 14 and h.
7
Let v(q) = 98*q**2 - 21*q + 186. Let x be v(6). Calculate the highest common divisor of 138 and x.
138
Suppose -5*w = -o + 2*o - 40, -3*w = 2*o - 24. Let l(n) = -n**3 - 14*n**2 - 50*n + 4. Let v be l(-8). Calculate the highest common factor of v and w.
4
Let v = -30 - -46. Let o = -1003 - -1723. Suppose -5*a + 160 + o = 0. Calculate the greatest common divisor of a and v.
16
Let s be 5221/5 - 9*(-4)/(-180). Suppose 4*r = 0, 2*r + s = -b + 4*b. Calculate the greatest common divisor of b and 87.
87
Let h(a) = -33*a**3 - 2*a**2 - 22*a - 287. Let q be h(-7). What is the highest common factor of 11 and q?
11
Let s be (-141)/27 - (-1 + 7/9). Let p be 1 + 0/(s + 3/1). Let g be ((-632)/(-20))/p - (-4)/10. Calculate the greatest common divisor of 112 and g.
16
Suppose 3*m = -2*m - f + 74, -5*m - 2*f + 78 = 0. What is the highest common factor of m and 1939?
7
Let x(k) = -k**3 + 15*k**2 - 9*k + 13. Let o be (28/(-3))/(40/12 + -4). Let m be x(o). Let a = m + -69. Calculate the highest common factor of 35 and a.
7
Let f be 15634*(2/20 + 78/195). Suppose 7363 + f = 46*i. Calculate the greatest common factor of i and 264.
66
Let j be 4/(-18) + (-12138)/(-189). Suppose -5*w - 256 = -4*t, 4*t - 3*t = 2*w + j. Let s be (-1 - -2)*47 - -1. Calculate the highest common divisor of s and t.
16
Suppose 0 = -3*g + 3*i + 3072, 0 = 18*g - 16*g - i - 2051. Calculate the greatest common divisor of g and 13.
13
Suppose 5*y + 3*m + 169 = y, -4*m = 5*y + 212. Let t = -38 - y. Let v be (-2)/t*32/(-8). Calculate the greatest common divisor of v and 1.
1
Suppose -5*x + 25607 = 3*m, 43*x = 5*m + 42*x - 42613. Calculate the greatest common factor of m and 4.
4
Let n(k) = -2*k**3 + 161*k**2 + 204*k - 529. Let g be n(81). What is the highest common factor of g and 318?
106
Let w = -13869 - -13965. Calculate the highest common factor of w and 48.
48
Suppose -155 = -2*o + 3*o - g, -2*g + 766 = -5*o. Let b = 40 - 44. Let a be (-1)/b + o/(-32). What is the highest common factor of a and 20?
5
Let n = 7234 - 7227. Let b = 15 + 6. Calculate the greatest common factor of n and b.
7
Let c be -9 + 1239 - (-5)/(-30)*-3*4. Suppose 4 = 4*x - 84. Calculate the greatest common factor of x and c.
22
Let x(f) = -f**3 + 7*f**2 - 16*f + 324. Let y be x(9). Calculate the highest common divisor of y and 5286.
6
Suppose 4*y + 18 = h, -5*h + 2*y + 17 = -1. Suppose -5*c + 77 = h*c. What is the highest common factor of c and 44?
11
Suppose l + 2*g = -207, -l + g = -0*g + 210. Let s = l - -369. What is the highest common divisor of s and 5?
5
Let b(v) = -v + 45. Let o be b(23). Suppose -5*u - 5*c = -70, c = 3*u + o - 72. What is the greatest common factor of u and 344?
8
Suppose -3*t - 45 = -f, 2*f - 5*t - 99 + 12 = 0. Suppose 0 = -3*d - 9, 1830 = 3*x - d + 3*d. Calculate the greatest common divisor of x and f.
36
Suppose -3*f - 75 = -285. Suppose -1472*m = -1474*m + 5*z + 28, 4*m = -10*z + 56. Calculate the greatest common divisor of f and m.
14
Let x be ((-1)/4)/(2/(-24)). Suppose x*k - 2*k + 26 = h, -2*h = 3*k + 98. Let m = k - -32. What is the highest common divisor of m and 3?
1
Let v = 289358 + -288467. Let a(n) = -21*n + 1. Let p be a(-1). What is the greatest common divisor of v and p?
11
Let j = 10304 - 10264. What is the highest common divisor of 2750 and j?
10
Let c = -9580 + 9593. Let v(i) = 51*i - 6. Let j be v(7). What is the highest common divisor of c and j?
13
Let w be 1 + 15 + 260 - 21. Calculate the greatest common factor of w and 135.
15
Let o(l) = 13*l**3 + 3*l**2 + 2*l - 4. Let f(d) = -9*d - 35. Let t be f(-4). Let z be o(t). Calculate the greatest common divisor of 49 and z.
7
Let x(u) = 2*u**3 - 14*u**2 + 11*u + 6. Let k be x(7). Suppose 0 = 8*f - 5 - k. Let r = -165 + 242. What is the highest common divisor of f and r?
11
Let i = 16 + -14. Suppose -416 = -5*m + i*n, -2*m - 3*n - 78 = -3*m. Let u = 151 + -130. What is the greatest common factor of m and u?
21
Let r = -413 + 413. Suppose r = -2*i - 2*i + 16. Calculate the highest common divisor of 116 and i.
4
Let a = 45739 + -43232. Calculate the greatest common divisor of 460 and a.
23
Let x = 48 - 35. Suppose 4*l = -2*y + 8, 0 = -3*y - 2*y + 4*l + 34. Suppose -y*c = q - c - 132, -c = q - 120. What is the highest common factor of x and q?
13
Let u(x) = 112*x**2 - 49*x + 48. Let h be u(1). What is the highest common factor of h and 185?
37
Suppose 0 = -351*v + 268*v + 29133. What is the highest common factor of 546 and v?
39
Suppose -3*s + 30 = -2*l + 207, -4*s - 264 = -3*l. What is the highest common factor of l and 3216?
12
Suppose -1162 - 3077 = -11*u + 3373. Calculate the greatest common factor of u and 4671.
173
Let f(y) = -2*y**3 + 23*y**2 + 38*y - 536. Let o be f(11). Suppose 124 = 4*g + p - 5*p, -5*g = p - 167. Calculate the greatest common factor of g and o.
3
Suppose w - 13 - 7 = 0. Suppose 96 = 4*c + w. Let h = -699 - -870. Calculate the highest common factor of c and h.
19
Let v = -11 + 3. Let g(i) = -i**3 - 8*i**2 - 4*i - 5. Let a be g(v). Suppose -a*s + 32*s - 30 = 0. What is the highest common factor of 6 and s?
6
Let i(k) = -3*k - 25. Let y be i(-10). Suppose y = 2*p + 1. Let u be (-1 + 41)*p + 4. Calculate the highest common divisor of 12 and u.
12
Let v = 215 - 146. Suppose 73*q = v*q + 124. Suppose 121 - q = 5*a. Calculate the highest common factor of a and 27.
9
Let z be ((-69872)/32)/((-6)/24). Calculate the greatest common factor of z and 198.
22
Let r = 4055 + -2679. What is the greatest common divisor of 80 and r?
16
Let i = 38 - -31. Let c(o) = 40*o - 5. Let r be c(3). Suppose -12*x = -7*x - r. What is the greatest common factor of x and i?
23
Suppose 16 = 15*z + 466. Let r(s) = -s**2 - 28*s + 84. Let w be r(z). Calculate the highest common factor of w and 6.
6
Let i = 77 + -68. Suppose -2 = w, -2*k = 3*w - 1 + i. Let h be (280/(-60))/(k/72). What is the greatest common divisor of h and 42?
42
Suppose 0 = 12*z - 546 + 162. Let c = z + -24. What is the highest common divisor of c and 72?
8
Let h(r) = r**3 + 11*r**2 + 11*r + 14. Let g be h(-10). Suppose 441 = g*c - 495. Suppose 582*f - 598 = 559*f. Calculate the highest common factor of c and f.
26
Let m be 4 - 3 - -2*(-1)/2. Suppose m = -4*w + 5*t + 378, t - 2*t - 462 = -5*w. What is the greatest common factor of 46 and w?
46
Let h be 287/14*24/4. What is the 